{"id":89,"date":"2024-08-27T17:58:38","date_gmt":"2024-08-27T15:58:38","guid":{"rendered":"https:\/\/www.ace01.org\/?page_id=89"},"modified":"2025-04-02T17:00:51","modified_gmt":"2025-04-02T15:00:51","slug":"rapport-dactivite-2022-2023","status":"publish","type":"page","link":"https:\/\/www.ace01.org\/?page_id=89","title":{"rendered":"Rapport d&rsquo;activit\u00e9 2022-2023"},"content":{"rendered":"\n<figure class=\"wp-block-image size-large\"><img loading=\"lazy\" decoding=\"async\" width=\"1024\" height=\"631\" src=\"https:\/\/www.ace01.org\/wp-content\/uploads\/2024\/08\/pexels-petr-ganaj-5537108-1024x631.jpg\" alt=\"\" class=\"wp-image-90\" srcset=\"https:\/\/www.ace01.org\/wp-content\/uploads\/2024\/08\/pexels-petr-ganaj-5537108-1024x631.jpg 1024w, https:\/\/www.ace01.org\/wp-content\/uploads\/2024\/08\/pexels-petr-ganaj-5537108-300x185.jpg 300w, https:\/\/www.ace01.org\/wp-content\/uploads\/2024\/08\/pexels-petr-ganaj-5537108-2000x1232.jpg 2000w\" sizes=\"(max-width: 1024px) 100vw, 1024px\" \/><\/figure>\n\n\n\n<h4 class=\"wp-block-heading\">Qu&rsquo;est-ce que l&rsquo;ACE ? <\/h4>\n\n\n\n<p>L&rsquo;A.C.E est un mouvement d&rsquo;\u00e9ducation populaire organis\u00e9 en association loi 1901. Elle s&rsquo;adresse \u00e0 tous les enfants sans aucune distinction de nationalit\u00e9, de religion, de condition sociale et d&rsquo;appartenance culturelle. En groupes de copains encadr\u00e9s par des jeunes, les enfants jouent, discutent et m\u00e8nent des projets communs. L&rsquo;ACE leur permet de se construire et de devenir acteur et citoyen de la soci\u00e9t\u00e9, selon des valeurs humaines.<\/p>\n\n\n\n<p>Pour appuyer notre volont\u00e9 de d\u00e9velopper l&rsquo;ACE dans l&rsquo;Ain, nous avons nou\u00e9 un partenariat avec le MRJC de l&rsquo;Ain : depuis 5 ans, un quart-temps de l&rsquo;animatrice permanente du MRJC est consacr\u00e9 \u00e0 l&rsquo;ACE de l&rsquo;Ain. Celle-ci est entour\u00e9e du Comit\u00e9 D\u00e9partemental compos\u00e9 de membres b\u00e9n\u00e9voles, d&rsquo;animateurs et d&rsquo;animatrices b\u00e9n\u00e9voles. <\/p>\n\n\n\n<h3 class=\"wp-block-heading\">Des propositions pour vivre des exp\u00e9riences collectives <\/h3>\n\n\n\n<h4 class=\"wp-block-heading\">&#8211; Pour favoriser le vivre ensemble <\/h4>\n\n\n\n<h4 class=\"wp-block-heading\">&#8211; Pour aller \u00e0 la d\u00e9couverte de l&rsquo;autre <\/h4>\n\n\n\n<h4 class=\"wp-block-heading\">&#8211; Pour accompagner vers l&rsquo;autonomie et la responsabilisation <\/h4>\n\n\n\n<figure class=\"wp-block-image size-large\"><img loading=\"lazy\" decoding=\"async\" width=\"1024\" height=\"341\" src=\"https:\/\/www.ace01.org\/wp-content\/uploads\/2024\/08\/valeurs-ACE-1024x341.png\" alt=\"\" class=\"wp-image-91\" srcset=\"https:\/\/www.ace01.org\/wp-content\/uploads\/2024\/08\/valeurs-ACE-1024x341.png 1024w, https:\/\/www.ace01.org\/wp-content\/uploads\/2024\/08\/valeurs-ACE-300x100.png 300w, https:\/\/www.ace01.org\/wp-content\/uploads\/2024\/08\/valeurs-ACE.png 1080w\" sizes=\"(max-width: 1024px) 100vw, 1024px\" \/><\/figure>\n\n\n\n<h3 class=\"wp-block-heading\">Les Clubs et la Ludi&rsquo;rav\u00e2ne <\/h3>\n\n\n\n<p>Regroup\u00e9s par tranche d&rsquo;\u00e2ge et selon leur proximit\u00e9 g\u00e9ographique, les clubs se r\u00e9unissent une fois par mois. Cette ann\u00e9e 18 enfants \u00e9taient inscrits dans le Club du Revermont et 7 enfants sur Bourg\/St Denis. <\/p>\n\n\n\n<p>Un projet de territoire a rythm\u00e9 les clubs, celui de la Ludi&rsquo;rav\u00e2ne : une ludoth\u00e8que ambulante. L&rsquo;objectif \u00e9tait de r\u00e9aliser des jeux en bois avec l&rsquo;aide d&rsquo;intervenants (l&rsquo;Armoire \u00e0 Jeux et B\u00eate \u00e0 Bois) pour qu&rsquo;ils int\u00e8grent la Ludi&rsquo;rav\u00e2ne pr\u00e9sente au Festival intin\u00e9rait d&rsquo;art de rue de la Voie des Colporteurs qui s&rsquo;est d\u00e9roul\u00e9 dans le Revermont. Le club \u00e9tait aussi l&rsquo;occasion de partir \u00e0 la d\u00e9couverte de la nature, des diff\u00e9rents bois, d&rsquo;\u00e9changer avec les enfants sur leurs rapports aux jeux (le fair-play, la comp\u00e9tition, les diff\u00e9rentes familles de jeux&#8230;) <\/p>\n\n\n\n<h3 class=\"wp-block-heading\">L&rsquo;accueil d&rsquo;une volontaire en service civique <\/h3>\n\n\n\n<p>Cette ann\u00e9e, nous avons d\u00e9cid\u00e9 d&rsquo;accueillir Nuria, volontaire en service civique, venant tout droit des \u00eeles Cannaries (Espagne). <\/p>\n\n\n\n<p>Elle a pu contribuer \u00e0 l&rsquo;animation des clubs mais surtout au d\u00e9veloppement du projet de la Ludi&rsquo;rav\u00e2ne. Elle a cr\u00e9\u00e9 des partenariats avec des centres sociaux de Bourg-en-Bresse pour participer au projet de fabrication de jeux en bois, eux aussi pr\u00e9sents au festival \u00ab\u00a0La Voie des Colporteurs\u00a0\u00bb. <\/p>\n\n\n\n<p>Elle a r\u00e9alis\u00e9 plusieurs inaugurations de la caravane en \u00e9tant pr\u00e9sente sur diff\u00e9rents \u00e9v\u00e8nements organis\u00e9s par les structures (festival Summer, \u00e9v\u00e8nement \u00e0 la Grange aux parapluie, anim&rsquo;square&#8230;) <\/p>\n\n\n\n<p>MAIS AUSSI : Sa deuxi\u00e8me mission \u00e9tait de proposer une action sur la parentalit\u00e9. Celle-ci a \u00e9t\u00e9 annul\u00e9e par manque de participant.e.s. <\/p>\n\n\n\n<h3 class=\"wp-block-heading\">S\u00e8me tes id\u00e9es <\/h3>\n\n\n\n<p>La journ\u00e9e de lancement d&rsquo;ann\u00e9e \u00ab\u00a0S\u00e8me tes id\u00e9es\u00a0\u00bb s&rsquo;est d\u00e9roul\u00e9e le 24 septembre 2022 \u00e0 la Fabrique du Revermont, en partenariat avec deux autres mouvements : le MRJC et le CMR. <\/p>\n\n\n\n<p>L&rsquo;apr\u00e8s-midi fut consacr\u00e9 \u00e0 l&rsquo;Assembl\u00e9e G\u00e9n\u00e9rale : un moment pour se rem\u00e9morer l&rsquo;ann\u00e9e \u00e9coul\u00e9e, lancer une nouvelle dynamique et se projeter sur l&rsquo;ann\u00e9e \u00e0 venir. <\/p>\n\n\n\n<h3 class=\"wp-block-heading\">Journ\u00e9e matos <\/h3>\n\n\n\n<p>C&rsquo;est le 7 mai que des parents, animateur-ices se sont retrouv\u00e9.e.s pour la \u00ab\u00a0journ\u00e9e matos\u00a0\u00bb. C&rsquo;est l&rsquo;occasion de tester, monter le mat\u00e9riel de camp (marabout, tentes&#8230;), de trier les malles de rangement&#8230; pour pouvoir partir en camp. C&rsquo;\u00e9tait aussi un moment convivial autour d&rsquo;un bon repas. <\/p>\n\n\n\n<h3 class=\"wp-block-heading has-text-align-center\">Les s\u00e9jours &#8211; Camps d&rsquo;\u00e9t\u00e9 2023 <\/h3>\n\n\n\n<p class=\"has-text-align-center\">Cet \u00e9t\u00e9, nous avons organis\u00e9 deux camps de vacances sous tente au camping de Chatillon-sur-Chalaronne : <\/p>\n\n\n\n<ul>\n<li>un camp d&rsquo;enfants \u00e2g\u00e9s de 6 \u00e0 8 ans du 9 au 14 juillet, qui a rassembl\u00e9 11 enfants<\/li>\n\n\n\n<li>un camp d&rsquo;enfants \u00e2g\u00e9s de 9 \u00e0 11 ans du 15 au 22 juillet, qui a rassembl\u00e9 24 enfants<\/li>\n<\/ul>\n\n\n\n<p class=\"has-text-align-center\">Les enfants ont \u00e9t\u00e9 anim\u00e9s par 6 jeunes animateurs et animatrices b\u00e9n\u00e9voles. Ces deux camps ont \u00e9t\u00e9 des moments de partages et de joie pour les enfants. Ils et elles ont pu jouer et participer \u00e0 la vie quotidiene du camp (cuisine, vaisselle&#8230;). <\/p>\n","protected":false},"excerpt":{"rendered":"<p>Qu&rsquo;est-ce que l&rsquo;ACE ? L&rsquo;A.C.E est un mouvement d&rsquo;\u00e9ducation populaire organis\u00e9 en association loi 1901. Elle s&rsquo;adresse \u00e0 tous les enfants sans aucune distinction de nationalit\u00e9, de religion, de condition sociale et d&rsquo;appartenance culturelle. En groupes de copains encadr\u00e9s par des jeunes, les enfants jouent, discutent et m\u00e8nent des projets communs. L&rsquo;ACE leur permet de &hellip; <\/p>\n<p class=\"link-more\"><a href=\"https:\/\/www.ace01.org\/?page_id=89\" class=\"more-link\">Lire la suite de<span class=\"screen-reader-text\">\u00ab\u00a0Rapport d&rsquo;activit\u00e9 2022-2023\u00a0\u00bb<\/span><\/a><\/p>\n","protected":false},"author":1,"featured_media":0,"parent":0,"menu_order":0,"comment_status":"closed","ping_status":"closed","template":"","meta":{"footnotes":""},"_links":{"self":[{"href":"https:\/\/www.ace01.org\/index.php?rest_route=\/wp\/v2\/pages\/89"}],"collection":[{"href":"https:\/\/www.ace01.org\/index.php?rest_route=\/wp\/v2\/pages"}],"about":[{"href":"https:\/\/www.ace01.org\/index.php?rest_route=\/wp\/v2\/types\/page"}],"author":[{"embeddable":true,"href":"https:\/\/www.ace01.org\/index.php?rest_route=\/wp\/v2\/users\/1"}],"replies":[{"embeddable":true,"href":"https:\/\/www.ace01.org\/index.php?rest_route=%2Fwp%2Fv2%2Fcomments&post=89"}],"version-history":[{"count":3,"href":"https:\/\/www.ace01.org\/index.php?rest_route=\/wp\/v2\/pages\/89\/revisions"}],"predecessor-version":[{"id":161,"href":"https:\/\/www.ace01.org\/index.php?rest_route=\/wp\/v2\/pages\/89\/revisions\/161"}],"wp:attachment":[{"href":"https:\/\/www.ace01.org\/index.php?rest_route=%2Fwp%2Fv2%2Fmedia&parent=89"}],"curies":[{"name":"wp","href":"https:\/\/api.w.org\/{rel}","templated":true}]}}